 What are the prime factors of r?
2, 5, 83
Suppose 3*a - 387 = -0*a. Suppose -a = -5*l + 2*u, -2*l + 31 + 29 = -5*u. Let z = l + -15. What are the prime factors of z?
2, 5
Let n = 390 + -326. What are the prime factors of n?
2
Let w(i) = 7*i - 54. Let a be w(8). Suppose -3*p - 304 = -a*t, 0*t + 157 = t + p. What are the prime factors of t?
5, 31
Let x be (0 - 206/(-10)) + (-22)/(-55). List the prime factors of 411/x + (-3)/(-7).
2, 5
List the prime factors of ((-1152)/224)/(6/(-56)).
2, 3
Suppose -f - 236 = -0*f - 2*w, -3*f = 5*w + 719. What are the prime factors of f*(1 - 2) + 1?
239
Let s be (-898)/(-8) - 20/16. Suppose 3*y + k + 2*k = s, 3*k - 33 = -y. List the prime factors of y.
3, 13
Let n(f) = 36*f**2 - 11*f - 17. What are the prime factors of n(-7)?
2, 3, 19
Let j = 1731 + -1206. What are the prime factors of j?
3, 5, 7
Suppose -2*p = 4*r - 3364, -p - 1685 = -2*r - 7. What are the prime factors of r?
2, 3, 5, 7
Let p = -27 + 29. Suppose -5*j + 2*s - 8 = -4*j, 0 = -4*s + 20. Suppose p + 22 = j*d. What are the prime factors of d?
2, 3
Suppose 2*n - 4*n = 0. What are the prime factors of (46 - -3) + n - 3?
2, 23
Suppose -h - 3 - 13 = -3*u, 0 = 5*u + h - 32. Let x be 1/(3/u) - -3. Suppose x*n - 30 = 3*n. List the prime factors of n.
3, 5
Suppose 2*h + 4*z = -2*h + 828, 0 = 5*z. What are the prime factors of h?
3, 23
Suppose 0 = -65*j + 17934 + 263841. List the prime factors of j.
3, 5, 17
Let o(r) = -2*r**2 + 2*r + 9. Let b be o(4). Let v = 44 + b. List the prime factors of v.
29
List the prime factors of ((-536)/(-14))/((-70)/(-1225)).
2, 5, 67
Let i = -413 - 166. Let t = -391 - i. List the prime factors of t.
2, 47
Let x(h) be the first derivative of 2*h - 1/3*h**3 - 2 + 1/2*h**4 - 2*h**2. List the prime factors of x(3).
5, 7
Suppose -4*r + 22234 = 5*v, -10*r + 4448 = v - 8*r. What are the prime factors of v?
2, 3, 13, 19
List the prime factors of (15/10)/(-1) - 40190/(-20).
2, 251
Let w = 13 + -9. Suppose 135 = w*t - t. List the prime factors of t.
3, 5
Suppose b = 5*k + 17, b + 2*k - 10 = -0*b. Let s be 9/b + 5/4. Let t(x) = 3*x**2 - 2*x + 5. List the prime factors of t(s).
13
Let s = -203 + 256. What are the prime factors of s?
53
Let t(j) = 111*j - 11. Suppose 31*n - 32*n + 1 = 0. List the prime factors of t(n).
2, 5
Suppose 4*j = 3*h - 3830, 35*h - 6402 = 30*h + 2*j. What are the prime factors of h?
2, 641
Suppose 0 - 8 = -4*q. Suppose 5*o - 249 = -2*l, 7 = -q*l + 1. List the prime factors of -1 - 5/((-5)/o).
2, 5
Let n(i) = 10*i**3 - i**2 - i. Let c be n(-2). Let s = c + 212. List the prime factors of s.
2, 5, 13
Suppose n + 2 = -0. Let o(y) = -9*y**3 - y**2 + 2*y + 1. List the prime factors of o(n).
5, 13
Let g(m) = 3 - 4 + m**2 - 1 - 6*m**3 + 5*m**3. Let o(h) = -2*h**3 + 2*h**2 - 5. Let t(u) = -5*g(u) + 2*o(u). What are the prime factors of t(3)?
2, 3
Let m(u) = 2*u + 18. Let x be m(-11). Let f(l) = l**2 + 6*l + 10. List the prime factors of f(x).
2
Let f be (-2 - 0) + -1 + 52. Let t(w) = -w**2 + 12*w - 9. Let d be t(5). Suppose -4*n - j = -f, 2*j = -3*n + d + 7. List the prime factors of n.
13
Let b(y) = -y**3 + y**2 - 11. Let n be b(0). Let s(l) = l**3 + 11*l**2 - l + 4. Let v be s(n). Suppose 170 = 20*z - v*z. What are the prime factors of z?
2, 17
Suppose -2*i = 3*b - 5121, b + 4*i = 972 + 745. What are the prime factors of b?
5, 11, 31
Let i(s) be the first derivative of s**2 + 27*s + 24. List the prime factors of i(12).
3, 17
Let u = 16 + -8. Let v = u + -6. Suppose -l + 0*a + a + 68 = 0, v*l - a = 140. What are the prime factors of l?
2, 3
Let j be -8 + 8 - (0 - 32). Suppose 36 = z + 3*c - j, -2*z - c = -126. List the prime factors of z.
2, 31
Suppose -483 - 17 = -5*x. Suppose 0 = 4*b + 5*y - 154, -3*b + x = -2*y - 2*y. What are the prime factors of b?
2, 3
Suppose 0 = 6*y - 23 + 11. Let s = 0 + 0. Suppose -k - y*k + 51 = s. List the prime factors of k.
17
Let b(a) be the second derivative of a**4/12 - 4*a**3/3 - 7*a**2 + 4*a. What are the prime factors of b(13)?
3, 17
Let w(v) = -37*v - 16. Let l be w(-3). Suppose -l = -2*a + 195. List the prime factors of a.
5, 29
Let j = -4587 + 6786. What are the prime factors of j?
3, 733
Suppose k = -2*m + 23, -5*m - 4*k = -0*m - 50. Let o = m + -9. Suppose 3*n = o*p + 137, -n + 3*p + 21 = -22. What are the prime factors of n?
7
Let m be 2/4 + 36/(-8). Let s be (1 - 0)/(m/228). What are the prime factors of s*(8/(-12))/1?
2, 19
Let p be ((2 - 1) + 0)*-5. List the prime factors of p/((-4)/104*2).
5, 13
Suppose -v + 464 = -3*d, 5*d + 600 = 2*v - 326. Suppose -3*z = -4*t - 289 - 39, -5*t = 4*z - v. What are the prime factors of z?
2, 7
Let v(p) = 2*p**2 - 6*p + 2027. What are the prime factors of v(0)?
2027
Suppose -4*h = -0*h + 5*p + 434, -3*h - 324 = 3*p. Let o = -30 - h. List the prime factors of o.
2, 19
Suppose -14*k - 74112 = -62*k. What are the prime factors of k?
2, 193
Let x(m) = m**3 - 16*m**2 + 12*m + 15. Let h(k) = -3*k + 3. Let t be h(-4). Let p be x(t). List the prime factors of (-10)/(-4)*(-48)/p.
2
Suppose 26*n + 6347 = 39263. List the prime factors of n.
2, 3, 211
Suppose 2*w = b - 171, -b + 2*w = -4*b + 537. What are the prime factors of (b/(-2))/((-22)/44)?
3, 59
Let i = -149 + 151. Let v be (0 - -4) + 1 + -3. Suppose 5*m - i*m = -b + 18, v = -2*m. What are the prime factors of b?
3, 7
Suppose -9*m - 4267 = -17902. What are the prime factors of m?
3, 5, 101
Suppose -25657 = -17*f - 9150. What are the prime factors of f?
971
Let u(j) be the third derivative of j**5/30 + j**4/4 - 5*j**3/6 + 29*j**2. What are the prime factors of u(-5)?
3, 5
Let k(v) = -v**2 - v + 37. Suppose -n = -6*n + 10. Suppose 3 = -3*f - f - z, n*f = -3*z - 9. List the prime factors of k(f).
37
Let t(r) = 18*r - 8. Let g be t(10). Let p = 269 - g. What are the prime factors of p?
97
Suppose y = 5*n + 28, -n = -5*y + 4*n + 40. Suppose -125 = -5*r - 11*d + 9*d, 0 = -r - 3*d + 12. Let v = y + r. List the prime factors of v.
2, 3, 5
What are the prime factors of 29/((4/(-8))/(123/(-6)))?
29, 41
Let n be (-4)/10 - 1146/10. Let a = 210 + n. What are the prime factors of a?
5, 19
Let i be (-1 + (-6)/(-2))/(-2 + 3). Suppose -d + i*z + z = -85, -5*d + 458 = -4*z. List the prime factors of d.
2, 47
Let o be 0 + 39/(-13) - (-24)/(-1). Let b be (-2)/4*(10 + 2). What are the prime factors of (-765)/o - 4/b?
29
Suppose -3*h - c + 39 = 0, -8 = -h - 5*c + 19. Let a(f) = 38 + 24*f**2 - 23*f**2 - h. List the prime factors of a(0).
2, 13
Let i = -39 - -47. List the prime factors of (7/4)/(i/64).
2, 7
List the prime factors of ((-269)/5)/(3/45*-3).
269
Let o(q) = -q**2 - q + 1. Let f(s) = 5*s**2 + 15*s - 6. Let r(j) = f(j) + 4*o(j). Let u be r(-12). Suppose u*c - 128 = 8*c. List the prime factors of c.
2
Let j = 7 - -2. Suppose 0 = 3*h - 51 - j. What are the prime factors of 77/4 - (-15)/h?
2, 5
Let m be (-3 - -2 - -2) + -1 + 5. Suppose -4*l + 18 + 94 = r, 2*l - 4*r = 56. Suppose l = 2*i + 3*g, i - m*i + g = -56. List the prime factors of i.
2, 7
Suppose 2*h = 4*o + 5*h - 26045, -o - 5*h = -6524. What are the prime factors of o?
23, 283
Suppose -s - 24 = -5*h + 36, -3*h = -3*s - 24. Suppose -7*z + 29 = -h. List the prime factors of z.
2, 3
Suppose 2 = -2*v + 4*v. Let j(c) = 130*c**3 + c**2 - 1. Let i be j(v). Suppose 4*x - i = -10. List the prime factors of x.
2, 3, 5
Let j = -60 + 62. Suppose -2*d + 310 = -j*k, -d + 3*d - 313 = k. What are the prime factors of d?
2, 79
Let y(u) = 3*u**2 + 4*u - 6. Let t be y(6). Suppose t = 2*g - 186. What are the prime factors of g?
2, 3, 13
Suppose -3*k + 4*k + 4*u = 29, k - 3*u - 15 = 0. Suppose k + 31 = 4*j. What are the prime factors of j?
13
Let y be 12*(2 + (-10)/4). Let j(s) = s**3 + 7*s**2 + 7*s + 7. Let x be j(y). List the prime factors of (x/(-2))/((-2)/116).
29
Suppose 9*l - 8324 - 5095 = 0. List the prime factors of l.
3, 7, 71
Suppose -90*c + 4189 + 1931 = 0. What are the prime factors of c?
2, 17
Suppose -672 = -0*s - 5*s + n, -2*s + 258 = -4*n. Suppose 649 = 4*a + v, -11 = -a + 3*v + s. List the prime factors of a.
7, 23
Let j be (2/(-5))/((-4)/20). Let i = 22 - -32. Suppose j*u - i = -0*u + 3*y, -27 = -u - y. List the prime factors of u.
3
Let v(k) = k**3 - 4*k**2 - 6*k + 5. Let b be v(4). Let t = b + 21. Suppose 3*j + 89 = 3*i + 17, -t*i - 3*j = -33. List the p